{"id":558,"date":"2016-12-29T12:01:46","date_gmt":"2016-12-29T12:01:46","guid":{"rendered":"http:\/\/efirecom.ctfc.cat\/?page_id=558"},"modified":"2017-02-15T10:58:07","modified_gmt":"2017-02-15T10:58:07","slug":"forest-fires-phenomenon-posters-to-be-exposed-in-classroom","status":"publish","type":"page","link":"https:\/\/efirecom.ctfc.cat\/?page_id=558","title":{"rendered":"Forest fires phenomenon\u201d posters to be exposed in classroom"},"content":{"rendered":"<ul>\n<li style=\"padding-bottom: 5px;\"><a href=\"http:\/\/efirecom.ctfc.cat\/wp-content\/uploads\/2016\/12\/Poster_v1_FORESPIR.pdf\" target=\"_blank\">El fen\u00f3meno de los incendios forestales<\/a><\/li>\n<li><a href=\"http:\/\/efirecom.ctfc.cat\/wp-content\/uploads\/2016\/12\/POSTER_FR.pdf\">Le ph\u00e9nom\u00e8ne des incendies de for\u00eat<\/a><\/li>\n<li><a href=\"http:\/\/efirecom.ctfc.cat\/wp-content\/uploads\/2016\/12\/Efirecom_Poster_arabic.pdf\">\u0638\u0627\u0647\u0631\u0629 \u062d\u0631\u0627\u0626\u0642 \u0627\u0644\u063a\u0627\u0628\u0627\u062a <\/a><\/li>\n<\/ul>\n","protected":false},"excerpt":{"rendered":"<p>El fen\u00f3meno de los incendios forestales Le ph\u00e9nom\u00e8ne des incendies de for\u00eat \u0638\u0627\u0647\u0631\u0629 \u062d\u0631\u0627\u0626\u0642 \u0627\u0644\u063a\u0627\u0628\u0627\u062a<\/p>\n","protected":false},"author":1,"featured_media":0,"parent":0,"menu_order":0,"comment_status":"closed","ping_status":"open","template":"","meta":{"om_disable_all_campaigns":false,"_monsterinsights_skip_tracking":false,"_monsterinsights_sitenote_active":false,"_monsterinsights_sitenote_note":"","_monsterinsights_sitenote_category":0,"footnotes":""},"class_list":["post-558","page","type-page","status-publish","hentry"],"aioseo_notices":[],"_links":{"self":[{"href":"https:\/\/efirecom.ctfc.cat\/index.php?rest_route=\/wp\/v2\/pages\/558","targetHints":{"allow":["GET"]}}],"collection":[{"href":"https:\/\/efirecom.ctfc.cat\/index.php?rest_route=\/wp\/v2\/pages"}],"about":[{"href":"https:\/\/efirecom.ctfc.cat\/index.php?rest_route=\/wp\/v2\/types\/page"}],"author":[{"embeddable":true,"href":"https:\/\/efirecom.ctfc.cat\/index.php?rest_route=\/wp\/v2\/users\/1"}],"replies":[{"embeddable":true,"href":"https:\/\/efirecom.ctfc.cat\/index.php?rest_route=%2Fwp%2Fv2%2Fcomments&post=558"}],"version-history":[{"count":5,"href":"https:\/\/efirecom.ctfc.cat\/index.php?rest_route=\/wp\/v2\/pages\/558\/revisions"}],"predecessor-version":[{"id":629,"href":"https:\/\/efirecom.ctfc.cat\/index.php?rest_route=\/wp\/v2\/pages\/558\/revisions\/629"}],"wp:attachment":[{"href":"https:\/\/efirecom.ctfc.cat\/index.php?rest_route=%2Fwp%2Fv2%2Fmedia&parent=558"}],"curies":[{"name":"wp","href":"https:\/\/api.w.org\/{rel}","templated":true}]}}

<ul>
<li style="padding-bottom: 5px;"><a href="http://efirecom.ctfc.cat/wp-content/uploads/2016/12/Poster_v1_FORESPIR.pdf" target="_blank">El fenómeno de los incendios forestales</a></li>
<li><a href="http://efirecom.ctfc.cat/wp-content/uploads/2016/12/POSTER_FR.pdf">Le phénomène des incendies de forêt</a></li>
<li><a href="http://efirecom.ctfc.cat/wp-content/uploads/2016/12/Efirecom_Poster_arabic.pdf">ظاهرة حرائق الغابات </a></li>
</ul>

<p>El fenómeno de los incendios forestales Le phénomène des incendies de forêt ظاهرة حرائق الغابات</p>
