{"id":474,"date":"2016-12-19T12:03:17","date_gmt":"2016-12-19T12:03:17","guid":{"rendered":"http:\/\/efirecom.ctfc.cat\/?page_id=474"},"modified":"2017-03-10T12:19:44","modified_gmt":"2017-03-10T12:19:44","slug":"booklet-on-myths-and-facts-about-wildfires-in-the-mediterranean","status":"publish","type":"page","link":"https:\/\/efirecom.ctfc.cat\/?page_id=474","title":{"rendered":"Booklet on myths and facts about wildfires in the Mediterranean"},"content":{"rendered":"<ul>\n<li style=\"padding-top: 5px;\"><a href=\"\/docs\/revistaefirecom_en.pdf\" target=\"_blank\">Fire and foret fires in the Mediterranean; a relationship story between forests and society<\/a><\/li>\n<li style=\"padding-top: 5px;\"><a href=\"\/docs\/revistaefirecom_es.pdf\" target=\"_blank\">El fuego y los incendios forestales en el mediterr\u00e1neo; la historia de una relaci\u00f3n entre bosques y sociedad<\/a><\/li>\n<li style=\"padding-top: 5px;\"><a href=\"\/docs\/revistaefirecom_fr.pdf\" target=\"_blank\">Le feu et les incendies de\u00a0for\u00eat en m\u00e9diterrann\u00e9e ;\u00a0l\u2019histoire d\u2019une relation\u00a0entre for\u00eats et soci\u00e9t\u00e9<\/a><\/li>\n<li style=\"padding-top: 5px;\"><a href=\"\/docs\/revistaefirecom_ca.pdf\" target=\"_blank\"> El foc i els incendis forestals al mediterrani; la hist\u00f2ria d\u2019una relaci\u00f3 entre boscos i societat<\/a><\/li>\n<li style=\"padding-top: 5px;\"><a href=\"docs\/Booklet_arab.pdf\" target=\"_blank\">\u062f\u064a\u0632\u0645\u0644\u0627 \u0629\u0641\u0631\u0639\u0645\u0644 \u0642\u0626\u0627\u0642\u062d\u0648 \u0631\u064a\u0637\u0627\u0633\u0623 \u0633\u0645\u062e, \u0639\u0645\u062a\u062c\u0645\u0644\u0627\u0648 \u062a\u0627\u0628\u0627\u063a\u0644\u0627 \u0646\u064a\u0628 \u0629\u0642\u0644\u0627\u0639 \u062e\u064a\u0631\u0627\u062a \u061b\u0637\u0633\u0648\u062a\u0645\u0644\u0627 \u0631\u062d\u0628\u0644\u0627 \u0629\u0642\u0637\u0646\u0645\u0628 \u0629\u064a\u0648\u0628\u0627\u063a\u0644\u0627 \u0642\u0626\u0627\u0631\u062d\u0644\u0627\u0648 \u0631\u0627\u0646\u0644\u0627<\/a><\/li>\n<\/ul>\n","protected":false},"excerpt":{"rendered":"<p>Fire and foret fires in the Mediterranean; a relationship story between forests and society El fuego y los incendios forestales en el mediterr\u00e1neo; la historia de una relaci\u00f3n entre bosques y sociedad Le feu et les incendies de\u00a0for\u00eat en m\u00e9diterrann\u00e9e ;\u00a0l\u2019histoire d\u2019une relation\u00a0entre for\u00eats et soci\u00e9t\u00e9 El foc i els incendis forestals al mediterrani; la [&hellip;]<\/p>\n","protected":false},"author":1,"featured_media":0,"parent":0,"menu_order":0,"comment_status":"closed","ping_status":"open","template":"","meta":{"om_disable_all_campaigns":false,"_monsterinsights_skip_tracking":false,"_monsterinsights_sitenote_active":false,"_monsterinsights_sitenote_note":"","_monsterinsights_sitenote_category":0,"footnotes":""},"class_list":["post-474","page","type-page","status-publish","hentry"],"aioseo_notices":[],"_links":{"self":[{"href":"https:\/\/efirecom.ctfc.cat\/index.php?rest_route=\/wp\/v2\/pages\/474","targetHints":{"allow":["GET"]}}],"collection":[{"href":"https:\/\/efirecom.ctfc.cat\/index.php?rest_route=\/wp\/v2\/pages"}],"about":[{"href":"https:\/\/efirecom.ctfc.cat\/index.php?rest_route=\/wp\/v2\/types\/page"}],"author":[{"embeddable":true,"href":"https:\/\/efirecom.ctfc.cat\/index.php?rest_route=\/wp\/v2\/users\/1"}],"replies":[{"embeddable":true,"href":"https:\/\/efirecom.ctfc.cat\/index.php?rest_route=%2Fwp%2Fv2%2Fcomments&post=474"}],"version-history":[{"count":9,"href":"https:\/\/efirecom.ctfc.cat\/index.php?rest_route=\/wp\/v2\/pages\/474\/revisions"}],"predecessor-version":[{"id":640,"href":"https:\/\/efirecom.ctfc.cat\/index.php?rest_route=\/wp\/v2\/pages\/474\/revisions\/640"}],"wp:attachment":[{"href":"https:\/\/efirecom.ctfc.cat\/index.php?rest_route=%2Fwp%2Fv2%2Fmedia&parent=474"}],"curies":[{"name":"wp","href":"https:\/\/api.w.org\/{rel}","templated":true}]}}

<ul>
<li style="padding-top: 5px;"><a href="/docs/revistaefirecom_en.pdf" target="_blank">Fire and foret fires in the Mediterranean; a relationship story between forests and society</a></li>
<li style="padding-top: 5px;"><a href="/docs/revistaefirecom_es.pdf" target="_blank">El fuego y los incendios forestales en el mediterráneo; la historia de una relación entre bosques y sociedad</a></li>
<li style="padding-top: 5px;"><a href="/docs/revistaefirecom_fr.pdf" target="_blank">Le feu et les incendies de forêt en méditerrannée ; l’histoire d’une relation entre forêts et société</a></li>
<li style="padding-top: 5px;"><a href="/docs/revistaefirecom_ca.pdf" target="_blank"> El foc i els incendis forestals al mediterrani; la història d’una relació entre boscos i societat</a></li>
<li style="padding-top: 5px;"><a href="docs/Booklet_arab.pdf" target="_blank">ديزملا ةفرعمل قئاقحو ريطاسأ سمخ, عمتجملاو تاباغلا نيب ةقلاع خيرات ؛طسوتملا رحبلا ةقطنمب ةيوباغلا قئارحلاو رانلا</a></li>
</ul>

<p>Fire and foret fires in the Mediterranean; a relationship story between forests and society El fuego y los incendios forestales en el mediterráneo; la historia de una relación entre bosques y sociedad Le feu et les incendies de forêt en méditerrannée ; l’histoire d’une relation entre forêts et société El foc i els incendis forestals al mediterrani; la [&hellip;]</p>
