{"id":43,"date":"2015-02-06T10:52:57","date_gmt":"2015-02-06T10:52:57","guid":{"rendered":"http:\/\/efirecom.ctfc.cat\/?page_id=43"},"modified":"2015-03-04T11:48:07","modified_gmt":"2015-03-04T11:48:07","slug":"key-information","status":"publish","type":"page","link":"https:\/\/efirecom.ctfc.cat\/?page_id=43","title":{"rendered":"Key information"},"content":{"rendered":"<p><em>Title:<\/em> Efficient fire risk communication for resilient societies (eFIRECOM)<\/p>\n<p><em>Call:<\/em> Call for proposals 2014 for projects on Preparedness and Prevention projects in civil protection and marine pollution under the European Union Civil Protection Mechanism<\/p>\n<p>Prevention Projects.<\/p>\n<p>Priority 2: Actions (guidelines, studies, workshops, and exchange of experience) on the development of urban resilience strategies, including community and local-based disaster risk reduction actions and tools and guidelines for urban risk assessment, taking into account existing international initiatives in this field (e.g. UNISDR resilient cities campaign) and climate change adaptation strategies.<\/p>\n<p>External Budget item<\/p>\n<p><a href=\"http:\/\/ec.europa.eu\/echo\/funding\/opportunities\/calls\/2014_call_prevprep_cp_marine_pol_en.htm\">http:\/\/ec.europa.eu\/echo\/funding\/opportunities\/calls\/2014_call_prevprep_cp_marine_pol_en.htm<\/a><\/p>\n<p><em>Website:<\/em> (in progress)<\/p>\n<p><em>Calendar: <\/em>1\/01\/2015 &#8211; 31\/12\/2016 (24 month)<\/p>\n<p><em>Coordinator:<\/em> Forest Sciences Centre of Catalonia<strong> &#8211;<\/strong> CTFC (SPAIN)<\/p>\n<p><em>\u00a0<\/em><\/p>\n<p><em>Beneficiaries: <\/em><\/p>\n<p>(AB1) Fire Ecology and Management Foundation Pau Costa Alcubierre \u2013 PCF, Spain<\/p>\n<p>(AB2) European Forest Institute. Mediterranean Office \u2013 EFIMED, Spain<\/p>\n<p>(AB3) EEIG FORESPIR, France<\/p>\n<p>(AB4) Direction G\u00e9n\u00e9rale des For\u00eats de Tunisie, Tunisia<\/p>\n<p>(AB5) Universit\u00e9 Hadj Lakhdar Batna, Algeria<\/p>\n<p><em>\u00a0<\/em><\/p>\n<p><em>EC contribution:<\/em> 373.743\u20ac (<em>Financing rate:<\/em> 75 %)<\/p>\n<p>&nbsp;<\/p>\n<p><em>Contact:\u00a0\u00a0\u00a0\u00a0\u00a0\u00a0\u00a0\u00a0\u00a0\u00a0\u00a0 <\/em><\/p>\n<p>Mr. Eduard Plana Bach (Coordinator)<\/p>\n<p>Head of Forest Policy and Environmental Governance Department<\/p>\n<p>Forest Sciences Centre of Catalonia<\/p>\n<p>Crta. St. Lloren\u00e7 de Morunys km 2, 25280 Solsona, Spain.<\/p>\n<p>Phone: (+34) 973 481 752 &#8211; Extension: 227 \/ e-mail: <a href=\"mailto:eduard.plana@ctfc.es\">eduard.plana@ctfc.es<\/a><\/p>\n","protected":false},"excerpt":{"rendered":"<p>Title: Efficient fire risk communication for resilient societies (eFIRECOM) Call: Call for proposals 2014 for projects on Preparedness and Prevention projects in civil protection and marine pollution under the European Union Civil Protection Mechanism Prevention Projects. Priority 2: Actions (guidelines, studies, workshops, and exchange of experience) on the development of urban resilience strategies, including community [&hellip;]<\/p>\n","protected":false},"author":1,"featured_media":0,"parent":2,"menu_order":0,"comment_status":"closed","ping_status":"open","template":"","meta":{"om_disable_all_campaigns":false,"_monsterinsights_skip_tracking":false,"_monsterinsights_sitenote_active":false,"_monsterinsights_sitenote_note":"","_monsterinsights_sitenote_category":0,"footnotes":""},"class_list":["post-43","page","type-page","status-publish","hentry"],"aioseo_notices":[],"_links":{"self":[{"href":"https:\/\/efirecom.ctfc.cat\/index.php?rest_route=\/wp\/v2\/pages\/43","targetHints":{"allow":["GET"]}}],"collection":[{"href":"https:\/\/efirecom.ctfc.cat\/index.php?rest_route=\/wp\/v2\/pages"}],"about":[{"href":"https:\/\/efirecom.ctfc.cat\/index.php?rest_route=\/wp\/v2\/types\/page"}],"author":[{"embeddable":true,"href":"https:\/\/efirecom.ctfc.cat\/index.php?rest_route=\/wp\/v2\/users\/1"}],"replies":[{"embeddable":true,"href":"https:\/\/efirecom.ctfc.cat\/index.php?rest_route=%2Fwp%2Fv2%2Fcomments&post=43"}],"version-history":[{"count":3,"href":"https:\/\/efirecom.ctfc.cat\/index.php?rest_route=\/wp\/v2\/pages\/43\/revisions"}],"predecessor-version":[{"id":48,"href":"https:\/\/efirecom.ctfc.cat\/index.php?rest_route=\/wp\/v2\/pages\/43\/revisions\/48"}],"up":[{"embeddable":true,"href":"https:\/\/efirecom.ctfc.cat\/index.php?rest_route=\/wp\/v2\/pages\/2"}],"wp:attachment":[{"href":"https:\/\/efirecom.ctfc.cat\/index.php?rest_route=%2Fwp%2Fv2%2Fmedia&parent=43"}],"curies":[{"name":"wp","href":"https:\/\/api.w.org\/{rel}","templated":true}]}}