{"id":13,"date":"2015-02-06T09:57:29","date_gmt":"2015-02-06T09:57:29","guid":{"rendered":"http:\/\/efirecom.ctfc.cat\/?page_id=13"},"modified":"2015-03-11T08:59:11","modified_gmt":"2015-03-11T08:59:11","slug":"partners","status":"publish","type":"page","link":"https:\/\/efirecom.ctfc.cat\/?page_id=13","title":{"rendered":"Partners"},"content":{"rendered":"<h2>Coordination:<\/h2>\n<p><b><a href=\"http:\/\/www.ctfc.es\" target=\"_blank\">Forest Sciences Centre of Catalonia<\/a> &#8211;<\/b> CTFC, Spain <a href=\"http:\/\/www.ctfc.cat\/\">www.ctfc.cat<\/a><\/p>\n<p>&nbsp;<\/p>\n<h2>Beneficiaries:<\/h2>\n<p><a href=\"http:\/\/www.paucostafoundation.org\/\" target=\"_blank\"><strong>Fire Ecology and Management Foundation Pau Costa Alcubierre<\/strong><\/a> \u2013 PCF, Spain<\/p>\n<p><a href=\"http:\/\/www.efi.int\" target=\"_blank\"><strong>European Forest Institute. Mediterranean Office<\/strong><\/a> \u2013 EFIMED, Spain<\/p>\n<p><a href=\"http:\/\/www.forespir.com\" target=\"_blank\"><strong>EEIG FORESPIR<\/strong><\/a>, France<\/p>\n<p><a href=\"http:\/\/www.agriculture.tn\/\" target=\"_blank\"><strong>Direction G\u00e9n\u00e9rale des For\u00eats de Tunisie<\/strong><\/a>, Tunisia<\/p>\n<p><a href=\"http:\/\/www.univ-batna.dz\/index.php\/en\/\" target=\"_blank\"><strong>Universit\u00e9 Hadj Lakhdar Batna<\/strong><\/a>, Algeria<\/p>\n<p>&nbsp;<\/p>\n","protected":false},"excerpt":{"rendered":"<p>Coordination: Forest Sciences Centre of Catalonia &#8211; CTFC, Spain www.ctfc.cat &nbsp; Beneficiaries: Fire Ecology and Management Foundation Pau Costa Alcubierre \u2013 PCF, Spain European Forest Institute. Mediterranean Office \u2013 EFIMED, Spain EEIG FORESPIR, France Direction G\u00e9n\u00e9rale des For\u00eats de Tunisie, Tunisia Universit\u00e9 Hadj Lakhdar Batna, Algeria &nbsp;<\/p>\n","protected":false},"author":1,"featured_media":0,"parent":0,"menu_order":0,"comment_status":"closed","ping_status":"open","template":"","meta":{"om_disable_all_campaigns":false,"_monsterinsights_skip_tracking":false,"_monsterinsights_sitenote_active":false,"_monsterinsights_sitenote_note":"","_monsterinsights_sitenote_category":0,"footnotes":""},"class_list":["post-13","page","type-page","status-publish","hentry"],"aioseo_notices":[],"_links":{"self":[{"href":"https:\/\/efirecom.ctfc.cat\/index.php?rest_route=\/wp\/v2\/pages\/13","targetHints":{"allow":["GET"]}}],"collection":[{"href":"https:\/\/efirecom.ctfc.cat\/index.php?rest_route=\/wp\/v2\/pages"}],"about":[{"href":"https:\/\/efirecom.ctfc.cat\/index.php?rest_route=\/wp\/v2\/types\/page"}],"author":[{"embeddable":true,"href":"https:\/\/efirecom.ctfc.cat\/index.php?rest_route=\/wp\/v2\/users\/1"}],"replies":[{"embeddable":true,"href":"https:\/\/efirecom.ctfc.cat\/index.php?rest_route=%2Fwp%2Fv2%2Fcomments&post=13"}],"version-history":[{"count":6,"href":"https:\/\/efirecom.ctfc.cat\/index.php?rest_route=\/wp\/v2\/pages\/13\/revisions"}],"predecessor-version":[{"id":118,"href":"https:\/\/efirecom.ctfc.cat\/index.php?rest_route=\/wp\/v2\/pages\/13\/revisions\/118"}],"wp:attachment":[{"href":"https:\/\/efirecom.ctfc.cat\/index.php?rest_route=%2Fwp%2Fv2%2Fmedia&parent=13"}],"curies":[{"name":"wp","href":"https:\/\/api.w.org\/{rel}","templated":true}]}}